 the greatest common divisor of 753 and 1212581?
251
Calculate the highest common factor of 447 and 10374870.
447
What is the greatest common factor of 810 and 1614654?
162
What is the highest common factor of 7744 and 2662000?
1936
Calculate the greatest common divisor of 1503 and 1027551.
501
Calculate the greatest common factor of 207916 and 6844.
236
Calculate the greatest common divisor of 704 and 30382.
22
What is the highest common factor of 161478 and 36?
18
Calculate the highest common factor of 496710 and 135.
45
Calculate the highest common factor of 107492 and 55.
11
What is the greatest common divisor of 104 and 267553?
13
What is the highest common divisor of 7 and 8939?
7
What is the highest common factor of 18 and 1011726?
18
Calculate the highest common divisor of 868 and 4599098.
434
What is the greatest common factor of 1017 and 19549?
113
Calculate the highest common factor of 50035 and 35.
5
Calculate the greatest common divisor of 3366 and 18.
18
Calculate the highest common divisor of 9189 and 1089.
9
What is the greatest common factor of 38056 and 2546?
134
Calculate the greatest common factor of 28 and 718.
2
What is the highest common divisor of 185307 and 6099?
57
Calculate the highest common divisor of 144 and 3204.
36
What is the greatest common divisor of 149684 and 138?
46
Calculate the highest common factor of 51625 and 4375.
875
Calculate the greatest common divisor of 93 and 162471.
93
Calculate the greatest common factor of 64 and 26388.
4
What is the highest common divisor of 5 and 39980?
5
Calculate the greatest common divisor of 1101 and 1300281.
1101
Calculate the highest common divisor of 260 and 10517.
13
Calculate the greatest common factor of 119 and 9359.
7
Calculate the greatest common divisor of 1445 and 36720.
85
Calculate the highest common factor of 85 and 4471.
17
Calculate the highest common factor of 19728 and 1728.
144
What is the greatest common factor of 48 and 152616?
24
Calculate the highest common factor of 3025 and 28919.
121
What is the highest common divisor of 1244 and 2764?
4
What is the greatest common divisor of 259 and 1799?
7
What is the greatest common factor of 701940 and 120?
60
Calculate the greatest common divisor of 2848 and 785692.
356
What is the greatest common divisor of 37791 and 14573?
247
What is the greatest common factor of 29 and 8?
1
Calculate the greatest common divisor of 28 and 828632.
28
Calculate the greatest common factor of 29 and 143637.
29
What is the highest common divisor of 364 and 4654?
26
What is the greatest common factor of 650 and 2726425?
325
What is the highest common factor of 51796 and 1748?
92
Calculate the greatest common divisor of 66787 and 392.
49
What is the highest common factor of 22 and 671693?
11
Calculate the greatest common divisor of 54 and 2547.
9
Calculate the highest common factor of 143 and 4202.
11
What is the highest common divisor of 3332 and 11084?
68
Calculate the greatest common divisor of 11907 and 1666.
49
What is the greatest common factor of 29559 and 354?
177
Calculate the highest common divisor of 740 and 7000.
20
What is the greatest common divisor of 7125 and 2831?
19
What is the greatest common divisor of 1536 and 9132?
12
Calculate the greatest common divisor of 2607 and 290246.
869
Calculate the greatest common factor of 128745 and 315.
45
Calculate the greatest common divisor of 13 and 1612247.
13
Calculate the greatest common divisor of 5525 and 6175.
325
What is the highest common factor of 1027 and 257461?
79
Calculate the greatest common factor of 3113 and 309319.
283
What is the greatest common factor of 69901 and 1729?
247
Calculate the highest common divisor of 57759 and 637.
13
Calculate the greatest common factor of 1941450 and 350.
350
Calculate the highest common factor of 56 and 200056.
8
What is the greatest common factor of 42 and 121254?
42
Calculate the greatest common divisor of 3367683 and 1518.
759
Calculate the highest common divisor of 864 and 37344.
96
What is the highest common factor of 450730 and 14248?
274
Calculate the greatest common divisor of 629 and 4736.
37
Calculate the highest common divisor of 16335 and 220.
55
Calculate the greatest common divisor of 899 and 29.
29
Calculate the highest common divisor of 6 and 7752.
6
What is the greatest common divisor of 5562 and 54918?
54
What is the greatest common divisor of 892525 and 1900?
475
Calculate the greatest common divisor of 696 and 2958.
174
Calculate the greatest common factor of 43087 and 22.
11
Calculate the greatest common divisor of 699 and 395401.
233
Calculate the highest common divisor of 973 and 477743.
973
Calculate the greatest common divisor of 449098 and 4.
2
Calculate the highest common divisor of 629 and 15087194.
629
Calculate the greatest common divisor of 88256 and 840.
56
What is the greatest common factor of 1780 and 3340?
20
What is the greatest common factor of 220187 and 11?
11
What is the highest common divisor of 585 and 53343?
9
What is the greatest common factor of 11850 and 12?
6
Calculate the greatest common divisor of 30 and 111174.
6
What is the greatest common factor of 187 and 1942369?
187
What is the greatest common divisor of 240488 and 1472?
184
Calculate the greatest common factor of 4342064 and 48.
16
Calculate the highest common divisor of 83 and 618931.
83
Calculate the greatest common divisor of 1047 and 6466272.
1047
What is the greatest common divisor of 204 and 1946296?
68
Calculate the greatest common factor of 126 and 7173.
9
Calculate the greatest common divisor of 23643 and 1143.
9
What is the highest common divisor of 236145 and 273?
273
Calculate the highest common factor of 451 and 114595.
41
What is the greatest common factor of 544 and 6144?
32
What is the highest common factor of 165 and 5530?
5
What is the greatest common divisor of 4117 and 23?
23
What is the greatest common divisor of 3285 and 204035?
365
Calculate the greatest common divisor of 20672 and 136.
136
Calculate the greatest common factor of 42622 and 404.
202
Calculate the greatest common divisor of 12952 and 152.
8
What is the greatest common divisor of 8268251 and 199?
199
What is the greatest common factor of 163764 and 48?
12
What is the greatest common factor of 19000 and 893?
19
What is the highest common divisor of 5027 and 847?
11
What is the greatest common divisor of 231039 and 301?
43
Calculate the highest common divisor of 46 and 307694.
46
What is the greatest common divisor of 603 and 69144?
201
Calculate the greatest common factor of 728 and 63648.
104
Calculate the highest common factor of 8723 and 33.
11
What is the highest common divisor of 5066 and 16390?
298
What is the greatest common divisor of 980 and 3479?
49
What is the greatest common divisor of 2319 and 2208?
3
What is the greatest common factor of 971048 and 26?
26
What is the greatest common divisor of 464 and 905456?
16
What is the highest common divisor of 534 and 83482?
178
Calculate the highest common factor of 26 and 187993.
13
What is the greatest common divisor of 5535 and 14310?
135
What is the highest common divisor of 4309 and 341?
31
Calculate the greatest common factor of 76817 and 1235.
247
What is the greatest common factor of 476778 and 6870?
1374
What is the highest common factor of 25660 and 260?
20
What is the greatest common factor of 7 and 15883?
7
Calculate the greatest common factor of 13272 and 88.
8
Calculate the greatest common factor of 132570 and 1080.
270
Calculate the greatest common divisor of 75 and 1431525.
75
What is the greatest common divisor of 51 and 767414?
17
What is the greatest common factor of 9486 and 1476?
18
Calculate the greatest common factor of 36100 and 6900.
100
Calculate the greatest common factor of 19994 and 9022.
26
Calculate the greatest common divisor of 575727 and 1161.
129
What is the greatest common factor of 3179 and 18496?
289
Calculate the greatest common divisor of 66 and 132918.
6
Calculate the highest common factor of 38984 and 528.
88
What is the greatest common factor of 6210 and 3910?
230
What is the greatest common factor of 224894 and 322?
46
Calculate the greatest common factor of 8295080 and 120.
40
What is the highest common factor of 2006 and 890